{"id":21,"date":"2023-06-28T16:36:16","date_gmt":"2023-06-28T14:36:16","guid":{"rendered":"http:\/\/www.y-chroniken.de\/?page_id=21"},"modified":"2023-07-14T15:57:58","modified_gmt":"2023-07-14T13:57:58","slug":"arbeiten-aus-dem-untergrund","status":"publish","type":"page","link":"http:\/\/www.y-chroniken.de\/?page_id=21","title":{"rendered":"Arbeiten aus dem Untergrund"},"content":{"rendered":"\n<p>Es gibt Bewegungen, zahlreiche Gruppierungen. Religi\u00f6s bestimmte Sekten, Sekten ohne jeden Glauben, Gruppierungen, die nur aussehen wie religi\u00f6s motivierte Gruppierungen. Die Orientierung fehlt, jede Orientierung. Woran soll fem sich halten? Ohne M\u00e4nner fehlt uns Frauen die Ausrichtung des Sofas. Fr\u00fcher gab es Filme, die uns das in allen romantischen Farben immer wieder vorspielten. Zum Beispiel dieser Film &#8222;Passengers&#8220;. Sie hatten nur einander ein Leben lang, ein leeres Raumschiff und jede Menge leeren Raum um sich herum. Er endet friedlich, doch was w\u00e4re gewesen, wenn einer von beiden allein geblieben w\u00e4re &#8230; Jahrzehnte lang? Wohin sollen wir uns ausrichten, wenn es nicht mehr die Liebesbeziehung, nicht mehr die Familie ist? <\/p>\n\n\n\n<p>Die wichtigsten Gruppierungen sind hier mal zu nennen:<\/p>\n\n\n\n<ol class=\"wp-block-list\">\n<li> Uturistinnen &#8211; das ist keine Sekte, sondern urspr\u00fcnglich eine Partei gewesen, die vor dem Gro\u00dfen Sterben eine kleine Minderheitenpartei war, die gerade so die 5%-H\u00fcrde geschafft hatte und damit in den Bundestag eingezogen war. Eine faschistisch-feministische Partei, in der sich vor allem Frauen wiederfanden, die gro\u00dfes Leid durch M\u00e4nner und ihre Herrschaft erfahren hatten. F\u00fcr die Uturistinnen war das Gro\u00dfe Sterben des Mannes wie der Reichstagsbrand f\u00fcr Adolf Hitler.<\/li>\n\n\n\n<li>Lolitas &#8211; junge fiese Frauen, die in ihren Schulm\u00e4dchenuniformen kein bisschen unschuldig wirken. Alle sehen gleich aus, dieselben Z\u00f6pfe, dieselben Laufmaschen in den Str\u00fcmpfen, die gleiche verschmierte Gesichtsfarbe. Sie sehen aus, wie aus einem der Horrorfilme, die man als Teenager gucken will. Sie sind Unruheengel, zerst\u00f6ren alles Gute und suchen stets nach neuen Opfern.<\/li>\n\n\n\n<li>Der Orden der vielen Gesichter &#8211; ist keine Sekte. Dahinter verbirgt sich ein ausgekl\u00fcgelter Prostitutionsring. M\u00e4nner, die \u00fcberlebt haben, werden dort unter Freiheitsentzug zu Sex mit Kundinnen gezwungen. Wer glaubt, das sei unm\u00f6glich, m\u00f6ge eine Soiree buchen und wird sich \u00fcber die Einmaligkeit in Leistung und Angebot wundern.<\/li>\n\n\n\n<li>Orden des TitanenSchwarms &#8211; oder besser bekannt als Otis-Gruppe. Auch hier verbirgt sich keine religi\u00f6se Gemeinschaft, sondern die letzten M\u00e4nner, die von Anna gerettet wurden. Den Namen erhielten sie von den Uturistinnen, die diese M\u00e4nnergruppe als gef\u00e4hrlich einstufte und alle Mitglieder jagt. Da der Name eine Erfindung der Medien war, haben Paul und seine Gruppe dem Mythos Leben eingehaucht. Er wurde zu ihrem Symbol.<\/li>\n\n\n\n<li>Daneben gibt es drei wesentliche religi\u00f6se Gruppen, obwohl es sicherlich noch zahlreiche Splittergruppen und neue Sektengr\u00fcndungen gibt:\n<ol class=\"wp-block-list\">\n<li>T\u00f6chter Evas &#8211; sympathisieren mit den Uturistinnen und verfolgen das Ziel, einer ritualisierten, christlichen Gemeinschaft, die jedoch die Bibel neu auslegen. Dabei geht es vorwiegend um die Frage, ob nicht doch Maria Magdalena die Gesandte Gottes gewesen sein k\u00f6nnte, die jedoch ihren leiblichen Mann Jesus zu ihrem Sprachrohr machte und ans Kreuz opferte.<\/li>\n\n\n\n<li>Erbinnen des Petrus &#8211; sie besetzen Rom und den heiligen Stuhl in Erwartung auf die R\u00fcckkehr des Heilandes. Sie sehen ihren Glauben auf eine harte Probe gestellt und bereiten die Ankunft der urspr\u00fcnglichen Weltordnung vor. Es geht das Ger\u00fccht um, dass jeder Frau die Augen geblendet werden, die versucht, in den alten Schriften mehr zu sehen, als die christliche Wahrheit.<\/li>\n\n\n\n<li>Die Gottesanbeterinnen &#8211; sie praktizieren den alten Schamanenbrauch, deuten M\u00e4rchen um und sehen in vielen alten Geschichten die Mythen die Herrschaft des weiblichen Prinzips, das jedoch nicht ohne das m\u00e4nnliche Prinzip auskommt. Sie suchen nach neuen Ans\u00e4tzen im sehr Alten. <\/li>\n<\/ol>\n<\/li>\n\n\n\n<li>Der Wachturm &#8211; kein bisschen religi\u00f6s, daf\u00fcr handfest an Regeln gebunden. Vor allem Soldatinnen und W\u00e4chterinnen stellen diese Gruppe, die wie ein geheimer Bund arbeiten will, dabei allerdings gleichzeitig eine Partei aufstellt, die ein Gegengewicht zu den Uturistinnen bieten soll. <\/li>\n<\/ol>\n\n\n\n<p>Aktuell gibt es politischen Wachstum, was da noch alles auf uns zukommt, werden wir abwarten m\u00fcssen.<\/p>\n\n\n\n<p>Danke, liebe Schwestern, f\u00fcr eure Loyalit\u00e4t. Denkt immer daran: wir halten zusammen.<\/p>\n","protected":false},"excerpt":{"rendered":"<p>Es gibt Bewegungen, zahlreiche Gruppierungen. Religi\u00f6s bestimmte Sekten, Sekten ohne jeden Glauben, Gruppierungen, die nur aussehen wie religi\u00f6s motivierte Gruppierungen. Die Orientierung fehlt, jede Orientierung. Woran soll fem sich halten? Ohne M\u00e4nner fehlt uns Frauen die Ausrichtung des Sofas. Fr\u00fcher gab es Filme, die uns das in allen romantischen Farben immer wieder vorspielten. Zum Beispiel [&hellip;]<\/p>\n","protected":false},"author":1,"featured_media":14,"parent":0,"menu_order":0,"comment_status":"closed","ping_status":"closed","template":"","meta":{"footnotes":""},"class_list":["post-21","page","type-page","status-publish","has-post-thumbnail","hentry"],"_links":{"self":[{"href":"http:\/\/www.y-chroniken.de\/index.php?rest_route=\/wp\/v2\/pages\/21","targetHints":{"allow":["GET"]}}],"collection":[{"href":"http:\/\/www.y-chroniken.de\/index.php?rest_route=\/wp\/v2\/pages"}],"about":[{"href":"http:\/\/www.y-chroniken.de\/index.php?rest_route=\/wp\/v2\/types\/page"}],"author":[{"embeddable":true,"href":"http:\/\/www.y-chroniken.de\/index.php?rest_route=\/wp\/v2\/users\/1"}],"replies":[{"embeddable":true,"href":"http:\/\/www.y-chroniken.de\/index.php?rest_route=%2Fwp%2Fv2%2Fcomments&post=21"}],"version-history":[{"count":2,"href":"http:\/\/www.y-chroniken.de\/index.php?rest_route=\/wp\/v2\/pages\/21\/revisions"}],"predecessor-version":[{"id":53,"href":"http:\/\/www.y-chroniken.de\/index.php?rest_route=\/wp\/v2\/pages\/21\/revisions\/53"}],"wp:featuredmedia":[{"embeddable":true,"href":"http:\/\/www.y-chroniken.de\/index.php?rest_route=\/wp\/v2\/media\/14"}],"wp:attachment":[{"href":"http:\/\/www.y-chroniken.de\/index.php?rest_route=%2Fwp%2Fv2%2Fmedia&parent=21"}],"curies":[{"name":"wp","href":"https:\/\/api.w.org\/{rel}","templated":true}]}}